{"id":11,"date":"2015-10-14T15:10:19","date_gmt":"2015-10-14T14:10:19","guid":{"rendered":"http:\/\/lucygathier.com\/site\/?page_id=11"},"modified":"2024-12-13T12:16:20","modified_gmt":"2024-12-13T11:16:20","slug":"references","status":"publish","type":"page","link":"https:\/\/www.lucygathier.com\/site\/references\/","title":{"rendered":"R\u00e9f\u00e9rences"},"content":{"rendered":"<h1 style=\"text-align: center;\"><\/h1>\n<p style=\"text-align: right;\"><strong>06 26 64 36 26<\/strong><\/p>\n<p style=\"text-align: center;\">Je suis la <strong>voix off bilingue<\/strong> pour de nombreux clients en France et \u00e0 l\u2019\u00e9tranger.<\/p>\n<p style=\"text-align: center;\">Voici quelques r\u00e9f\u00e9rences de clients qui me font confiance<\/p>\n<div id=\"su_carousel_6a00833651cee\" class=\"su-carousel su-carousel-centered su-carousel-pages-no su-carousel-responsive-yes clients\" style=\"width:100%\" data-autoplay=\"2000\" data-speed=\"500\" data-mousewheel=\"false\" data-items=\"6\" data-scroll=\"3\"><div class=\"su-carousel-slides\"><div class=\"su-carousel-slide\"><a><img decoding=\"async\" src=\"https:\/\/www.lucygathier.com\/site\/wp-content\/uploads\/2016\/10\/logo-arte-2-82x80.jpg\" alt=\"logo-arte-2\" \/><\/a><\/div><div class=\"su-carousel-slide\"><a><img decoding=\"async\" src=\"https:\/\/www.lucygathier.com\/site\/wp-content\/uploads\/2019\/09\/yr-82x80.png\" alt=\"logo yves rocher\" \/><\/a><\/div><div class=\"su-carousel-slide\"><a><img decoding=\"async\" src=\"https:\/\/www.lucygathier.com\/site\/wp-content\/uploads\/2016\/01\/wolkswagen-82x80.jpg\" alt=\"wolkswagen\" \/><\/a><\/div><div class=\"su-carousel-slide\"><a><img decoding=\"async\" src=\"https:\/\/www.lucygathier.com\/site\/wp-content\/uploads\/2016\/01\/veolia-82x80.jpg\" alt=\"veolia\" \/><\/a><\/div><div class=\"su-carousel-slide\"><a><img decoding=\"async\" src=\"https:\/\/www.lucygathier.com\/site\/wp-content\/uploads\/2016\/01\/thierrymugler-82x80.jpg\" alt=\"thierrymugler\" \/><\/a><\/div><div class=\"su-carousel-slide\"><a><img decoding=\"async\" src=\"https:\/\/www.lucygathier.com\/site\/wp-content\/uploads\/2016\/01\/saint_gobain-82x80.jpg\" alt=\"saint_gobain\" \/><\/a><\/div><div class=\"su-carousel-slide\"><a><img decoding=\"async\" src=\"https:\/\/www.lucygathier.com\/site\/wp-content\/uploads\/2016\/01\/rexel_fondation-82x80.jpg\" alt=\"rexel_fondation\" \/><\/a><\/div><div class=\"su-carousel-slide\"><a><img decoding=\"async\" src=\"https:\/\/www.lucygathier.com\/site\/wp-content\/uploads\/2016\/01\/pierreetvacances-82x80.jpg\" alt=\"pierreetvacances\" \/><\/a><\/div><div class=\"su-carousel-slide\"><a><img decoding=\"async\" src=\"https:\/\/www.lucygathier.com\/site\/wp-content\/uploads\/2016\/02\/desigual-82x80.jpg\" alt=\"desigual\" \/><\/a><\/div><div class=\"su-carousel-slide\"><a><img decoding=\"async\" src=\"https:\/\/www.lucygathier.com\/site\/wp-content\/uploads\/2016\/01\/orange-82x80.jpg\" alt=\"orange\" \/><\/a><\/div><div class=\"su-carousel-slide\"><a><img decoding=\"async\" src=\"https:\/\/www.lucygathier.com\/site\/wp-content\/uploads\/2016\/01\/mylan-82x80.jpg\" alt=\"mylan\" \/><\/a><\/div><div class=\"su-carousel-slide\"><a><img decoding=\"async\" src=\"https:\/\/www.lucygathier.com\/site\/wp-content\/uploads\/2016\/01\/loreal-82x80.jpg\" alt=\"loreal\" \/><\/a><\/div><div class=\"su-carousel-slide\"><a><img decoding=\"async\" src=\"https:\/\/www.lucygathier.com\/site\/wp-content\/uploads\/2016\/01\/lagardere-82x80.jpg\" alt=\"lagardere\" \/><\/a><\/div><div class=\"su-carousel-slide\"><a><img decoding=\"async\" src=\"https:\/\/www.lucygathier.com\/site\/wp-content\/uploads\/2016\/01\/lacoste-82x80.jpg\" alt=\"lacoste\" \/><\/a><\/div><div class=\"su-carousel-slide\"><a><img decoding=\"async\" src=\"https:\/\/www.lucygathier.com\/site\/wp-content\/uploads\/2016\/01\/heineken-82x80.jpg\" alt=\"heineken\" \/><\/a><\/div><div class=\"su-carousel-slide\"><a><img decoding=\"async\" src=\"https:\/\/www.lucygathier.com\/site\/wp-content\/uploads\/2016\/01\/geo-82x80.jpg\" alt=\"geo reportage\" \/><\/a><\/div><div class=\"su-carousel-slide\"><a><img decoding=\"async\" src=\"https:\/\/www.lucygathier.com\/site\/wp-content\/uploads\/2016\/01\/france24-82x80.jpg\" alt=\"france24\" \/><\/a><\/div><div class=\"su-carousel-slide\"><a><img decoding=\"async\" src=\"https:\/\/www.lucygathier.com\/site\/wp-content\/uploads\/2016\/01\/dcns-82x80.jpg\" alt=\"dcns\" \/><\/a><\/div><div class=\"su-carousel-slide\"><a><img decoding=\"async\" src=\"https:\/\/www.lucygathier.com\/site\/wp-content\/uploads\/2016\/01\/danone-82x80.jpg\" alt=\"danone\" \/><\/a><\/div><div class=\"su-carousel-slide\"><a><img decoding=\"async\" src=\"https:\/\/www.lucygathier.com\/site\/wp-content\/uploads\/2016\/01\/clarins-82x80.jpg\" alt=\"clarins\" \/><\/a><\/div><div class=\"su-carousel-slide\"><a><img decoding=\"async\" src=\"https:\/\/www.lucygathier.com\/site\/wp-content\/uploads\/2016\/01\/citybank-82x80.jpg\" alt=\"citybank\" \/><\/a><\/div><div class=\"su-carousel-slide\"><a><img decoding=\"async\" src=\"https:\/\/www.lucygathier.com\/site\/wp-content\/uploads\/2016\/01\/airbus-82x80.jpg\" alt=\"airbus\" \/><\/a><\/div><div class=\"su-carousel-slide\"><a><img decoding=\"async\" src=\"https:\/\/www.lucygathier.com\/site\/wp-content\/uploads\/2016\/01\/areva-82x80.jpg\" alt=\"areva\" \/><\/a><\/div><div class=\"su-carousel-slide\"><a><img decoding=\"async\" src=\"https:\/\/www.lucygathier.com\/site\/wp-content\/uploads\/2016\/01\/bnp_paribas-82x80.jpg\" alt=\"bnp_paribas\" \/><\/a><\/div><\/div><div class=\"su-carousel-nav\"><div class=\"su-carousel-direction\"><span class=\"su-carousel-prev\"><\/span><span class=\"su-carousel-next\"><\/span><\/div><div class=\"su-carousel-pagination\"><\/div><\/div><\/div>\n<div id=\"temoignages\">\n<h2><\/h2>\n<h2><\/h2>\n<h2><\/h2>\n<h2>T\u00e9moignages<\/h2>\n<blockquote>\n<p style=\"text-align: left;\">Lucy est r\u00e9active, efficace et fournit un travail de qualit\u00e9.\u00a0Tout ce qu&rsquo;on attend d&rsquo;une vraie professionnelle !<\/p>\n<p style=\"text-align: right;\">CRIIS Production<\/p>\n<\/blockquote>\n<p>&nbsp;<\/p>\n<blockquote>\n<p style=\"text-align: justify;\"><em>Lucy est une com\u00e9dienne tr\u00e8s pro. Elle sait s&rsquo;adapter \u00e0 tous types de formats audiovisuels et est \u00e0 l&rsquo;aise aussi bien en fran\u00e7ais qu&rsquo;en anglais. Une super voix off bilingue !<\/em><\/p>\n<p style=\"text-align: right;\">Agence Peter Franklin<\/p>\n<\/blockquote>\n<p>&nbsp;<\/p>\n<blockquote>\n<p style=\"text-align: justify;\"><em>Jolie voix, bon boulot et bonne communication&#8230; Anglais parfait. Que du plaisir avec Lucy !<\/em><\/p>\n<p style=\"text-align: right;\">Agence Waprod<\/p>\n<\/blockquote>\n<p>&nbsp;<\/p>\n<blockquote>\n<p style=\"text-align: justify;\"><em>C\u2019est avec plaisir que nous avons travaill\u00e9 avec Lucy qui a enregistr\u00e9 plusieurs narrations utilis\u00e9es dans le cadre de projets de E-Learning en anglais. Lucy s\u2019est pleinement investie dans ce projet et a fait preuve d\u2019initiative et d\u2019une d\u00e9termination sans faille. Consciencieuse, disponible et r\u00e9active, elle nous a tr\u00e8s bien conseill\u00e9s et s\u2019est d\u00e9marqu\u00e9e par son professionnalisme. Nous ferons affaire \u00e0 nouveau avec Lucy sans h\u00e9siter.<\/em><\/p>\n<p style=\"text-align: right;\">Trigone<\/p>\n<\/blockquote>\n<p>&nbsp;<\/p>\n<blockquote>\n<p style=\"text-align: justify;\">C&rsquo;est un plaisir de travailler avec Lucy ! Tr\u00e8s professionnelle et r\u00e9active, sa voix s\u00e9duit \u00e0 chaque fois nos clients que ce soit en fran\u00e7ais ou en anglais.<\/p>\n<p style=\"text-align: right;\">Mediafusion<\/p>\n<\/blockquote>\n<\/div>\n<div id=\"liens\">\n<h2>Coups de coeur<\/h2>\n<p>&nbsp;<\/p>\n<ul>\n<li><a href=\"http:\/\/www.elsa-rigmor-thiemann.com\" target=\"_blank\" rel=\"noopener noreferrer\">Elsa Rigmor Thiemann<\/a>\u00a0 Voix off bilingue allemande<\/li>\n<\/ul>\n<ul>\n<li><a href=\"http:\/\/www.zevoice.com\" target=\"_blank\" rel=\"noopener noreferrer\">Beno\u00eet M\u00e9jean <\/a>\u00a0Voix off masculine fran\u00e7aise<\/li>\n<\/ul>\n<ul>\n<li><a href=\"http:\/\/www.benoitpallandre.com\" target=\"_blank\" rel=\"noopener noreferrer\">Beno\u00eet Pallandre<\/a>\u00a0Ing\u00e9nieur du son \u00e0 Paris et Lyon<\/li>\n<\/ul>\n<\/div>","protected":false},"excerpt":{"rendered":"<p>06 26 64 36 26 Je suis la voix off bilingue pour de nombreux clients en France et \u00e0 l\u2019\u00e9tranger. Voici quelques r\u00e9f\u00e9rences de clients qui me font confiance T\u00e9moignages Lucy est r\u00e9active, efficace et fournit un travail de qualit\u00e9.\u00a0Tout ce qu&rsquo;on attend d&rsquo;une vraie professionnelle ! CRIIS Production &nbsp; Lucy est une com\u00e9dienne tr\u00e8s [&hellip;]<\/p>\n","protected":false},"author":1,"featured_media":0,"parent":0,"menu_order":0,"comment_status":"closed","ping_status":"closed","template":"","meta":{"footnotes":""},"class_list":["post-11","page","type-page","status-publish","hentry"],"_links":{"self":[{"href":"https:\/\/www.lucygathier.com\/site\/wp-json\/wp\/v2\/pages\/11","targetHints":{"allow":["GET"]}}],"collection":[{"href":"https:\/\/www.lucygathier.com\/site\/wp-json\/wp\/v2\/pages"}],"about":[{"href":"https:\/\/www.lucygathier.com\/site\/wp-json\/wp\/v2\/types\/page"}],"author":[{"embeddable":true,"href":"https:\/\/www.lucygathier.com\/site\/wp-json\/wp\/v2\/users\/1"}],"replies":[{"embeddable":true,"href":"https:\/\/www.lucygathier.com\/site\/wp-json\/wp\/v2\/comments?post=11"}],"version-history":[{"count":86,"href":"https:\/\/www.lucygathier.com\/site\/wp-json\/wp\/v2\/pages\/11\/revisions"}],"predecessor-version":[{"id":1036,"href":"https:\/\/www.lucygathier.com\/site\/wp-json\/wp\/v2\/pages\/11\/revisions\/1036"}],"wp:attachment":[{"href":"https:\/\/www.lucygathier.com\/site\/wp-json\/wp\/v2\/media?parent=11"}],"curies":[{"name":"wp","href":"https:\/\/api.w.org\/{rel}","templated":true}]}}